is x(5)?
6
Let f(w) = 4*w**2 + 1 + 0 + 2*w**2 - 2. Let z = 43 - 42. What is f(z)?
5
Suppose -j = 3*t + 3, -t + 3 = 2*j - 1. Suppose 0*n = 5*n - 15. Let q(v) = v - n*v - v. What is q(t)?
6
Let j(s) = 7*s**2 - s + 14. Let f(r) = -19*r**2 + 3*r - 41. Let y(i) = -3*f(i) - 8*j(i). Determine y(0).
11
Let l(p) = -3*p + 1. Let u(c) = -2*c**2 + 9*c + 5. Let q be u(5). Suppose r + 1 - 3 = q. What is l(r)?
-5
Let w(v) = -v + 1. Let p be w(0). Let u(g) = 12*g - 14. Let d be 2/(-7)*(16 - 30). Let i(s) = 4*s - 5. Let t(x) = d*u(x) - 11*i(x). What is t(p)?
3
Let a(y) = 8*y**2 - 104*y + 3. Let v be a(13). Let w(r) be the first derivative of 4/3*r**v + 1/2*r**2 - 5 - 1/4*r**4 - 3*r. Calculate w(4).
1
Let y(i) be the second derivative of i**6/360 - 7*i**5/120 + i**4 - 3*i. Let d(t) be the third derivative of y(t). Calculate d(-6).
-19
Let b = -8 + 14. Let j(x) = -b*x**3 - 3*x + 6*x**3 - 4*x**2 + 9*x**2 - x**3 + 6. Give j(5).
-9
Let j(o) = 3*o - 4. Let d(u) = -6*u + 8. Suppose 5*l + 33 + 2 = 5*k, 0 = 5*k. Let h(i) = l*j(i) - 4*d(i). What is h(4)?
8
Let x(c) be the third derivative of 3*c**4/8 + c**3/6 + 2*c**2. Let n(g) = g**2 + g - 1. Suppose 4*u + 0 = f + 3, 5 = 5*f. Let o be n(u). Determine x(o).
10
Suppose -3*w + 36 = -2*z + 10, -w - 99 = 5*z. Let t = z - -16. Let p(a) = a + 2. Calculate p(t).
-1
Suppose -n = -117 + 108. Let t(m) be the second derivative of -n*m + 9/2*m**2 + 1/6*m**3 + 0. Determine t(-7).
2
Let n(u) = -u**2 - u + 12. Let f(c) = -3*c + 19. Let p be f(8). Let k be n(p). Let l(g) = g**2 + 8*g + 3. Determine l(k).
3
Let s(y) = -y**2 + 2*y + 1. Let j be 3*2 - (-30 - -32). Give s(j).
-7
Let t(j) be the third derivative of 5*j**4/8 - j**3/6 - 2*j**2. Let x(r) = -r**3 + r**2 + 11*r - 2. Let m be x(-3). What is t(m)?
14
Let j be (-2 - -2)/((-3)/3). Suppose j = -3*c + 8*c - 5. Let o(t) = -2*t. Calculate o(c).
-2
Let d(m) be the first derivative of -m**3/3 + m**2/2 + m + 2. Let i(l) = 5*l - 3*l**2 - 14*l + 5 + 4*l**2. Let x be i(8). What is d(x)?
-11
Let m(q) be the first derivative of 5*q**3/3 + q - 149. Give m(-2).
21
Let c(j) = 13*j + 13. Let s(v) = -7*v - 6. Let n(u) = -4*c(u) - 9*s(u). Let d(y) = -9*y - 1. Let x(w) = -5*d(w) - 4*n(w). Determine x(6).
3
Let a(f) = -7*f**2 + 10*f - 8. Let q(m) = m - 1. Let i be q(-5). Let u(o) = 15*o**2 - 20*o + 17. Let x(v) = i*u(v) - 13*a(v). Calculate x(9).
-7
Let g(d) be the second derivative of -d**5/20 - d**4/2 - d**3/6 + 3*d**2 - 79*d + 1. Give g(-5).
-14
Suppose 3*z = w - 17, w = -4*w + 2*z + 33. Suppose 0*o + 3*o = -2*y + 15, -3*y + w = o. Let h(u) = u**2 - 3*u - 6. Determine h(o).
4
Suppose 4*c - 2 = 5*c. Let i(q) = -3*q**3 - 4*q**2 - 2*q + 1. Let s be i(-2). Let g(r) = 8*r - s*r + 3*r - 2. What is g(c)?
2
Suppose 9 + 3 = 3*l. Let p be 6/l*2 + -25. Let a = p - -22. Let s(n) = n - 16. Determine s(a).
-16
Let l be (2 - 1)*2 - 6. Let i = l + 6. Let j be (-3)/((-4)/i - -1). Let u(t) = -t**2 + 4*t - 2. Determine u(j).
1
Let f(o) = 127 + o**2 - 4*o - 69 - 69. Suppose -2*b - 3*b - 25 = 0. Let g(u) = u**2 - 3*u - 10. Let d(n) = b*g(n) + 4*f(n). Determine d(0).
6
Let u = -181 + 181. Suppose -2*j - 3*i + 5 = 0, 5*j - 4*i + 0*i = 24. Let c(s) = j*s + 1 + 1 - 3*s. What is c(u)?
2
Suppose 4*i = 2*i + 5*y + 8, -5*y = i - 4. Let u = i - 3. Let d be (9/(-6))/(u/2). Let n(f) = -f**2 - f + 1. Give n(d).
-5
Suppose 3*m + 3*m = 96. Let q(l) = -5*l**2 + 3*l**2 + 3*l**2 + m + 1. Calculate q(0).
17
Let y(l) = -l**3 + 7*l**2 + 8*l + 2. Let d be y(8). Let b be 6/(-18) + 50/6. Let g = d - b. Let z(u) = -u. What is z(g)?
6
Let l(p) = p**2 - 12*p + 4. Let q be l(12). Suppose -4*v = -3*v + q. Let y(i) = i**2 + 6*i + 5. What is y(v)?
-3
Let z(c) = -5*c**2 - c + 12. Let g(y) = -11 + 5*y**2 + 2*y**2 - 3*y**2. Let u = 14 - 8. Let h(r) = u*g(r) + 5*z(r). What is h(-5)?
-6
Suppose 16*k - 48 = 19*k. Let x(v) = 4*v + 60. Let y be x(k). Let g(u) = -11*u**2 + u. Let t(z) = -5*z**2 + z. Let w(s) = 6*g(s) - 13*t(s). What is w(y)?
12
Let x(w) = 4*w - 1. Let f(m) = -9*m + 1. Let z(r) = -r**2 + 8*r - 5. Let a be z(6). Suppose -44 = -2*q - 38. Let o(p) = a*x(p) + q*f(p). What is o(0)?
-4
Let t(m) = 2*m**2 - 9*m**3 - 2*m - 3*m**3 - 9*m**3 + 1. Calculate t(1).
-20
Let v be (-111)/15 + 12/(-20). Let a(x) = -7*x**3 + 3*x**2 - 5*x + 26. Let b(k) = 11*k**3 - 5*k**2 + 8*k - 39. Let o(c) = v*a(c) - 5*b(c). Give o(0).
-13
Suppose 0 = -4*i - 2 + 10. Let c(a) = 2*a**2 - a - 1. Let s be c(-1). Let x(o) = 3*o**3 - 1 - 2*o**3 - 177*o**2 + 176*o**s. What is x(i)?
3
Let z(b) = -5*b**3 - b**2 + 6*b - 6. Let o be z(1). Let c(s) be the second derivative of s**5/20 + s**4/2 + s**3/3 + 7*s**2/2 - 8*s. Give c(o).
-5
Let n(k) = 5*k + 6. Let b(d) = 20*d - 75. Let m be b(4). Calculate n(m).
31
Let p(r) = 2*r**2 - 5. Let l(o) = 4*o**2 - 9. Let t(g) = 6*l(g) - 11*p(g). Let u = -8 - -9. Determine t(u).
3
Let k(y) = 7*y**3 + 11*y**2 + 28*y + 6. Let p(m) = 4*m**3 + 5*m**2 + 14*m + 4. Let j(l) = 3*k(l) - 5*p(l). What is j(-6)?
-14
Let p(d) = -1 + 3 - 5*d + 2*d**3 + 5*d**2 - 3*d**3. Suppose -a + 2*a - 18 = 0. Let w be (-12)/a - 14/(-3). Calculate p(w).
-2
Let y(c) be the second derivative of -c**5/20 + 2*c**4/3 + c**3 - 5*c**2/2 + 27*c. Determine y(9).
-32
Suppose 17 - 2 = 5*b - 2*i, 4*b - 4*i - 12 = 0. Let p(h) = -11 - 7 + h**b + 19 - 2*h**2 - h. Suppose -9 = -3*s + 2*c, -3*c + 1 = -2*s - 4*c. What is p(s)?
-1
Suppose 4*o + 6 = 2*o. Let w be ((-9)/(-27))/((-1)/o). Let p(x) = -5*x**2 + 2*x - 1. Calculate p(w).
-4
Let q(j) = 2*j + 16. Let c(b) = -b - 10. Let p(y) = -5*c(y) - 3*q(y). Suppose 5*s - 21 = -1. Give p(s).
-2
Suppose -5*t = 4*h - 4 - 11, 0 = 3*h - 5*t - 20. Let w(m) = -m**2 - 4*m + 6. What is w(h)?
-39
Let h(u) = -u**3 - 4*u**2 + 5*u - 1. Suppose 17 + 8 = 5*v. Suppose 0 = -v*t - 25. Determine h(t).
-1
Let f(n) be the second derivative of -n**5/20 + n**4/12 + 2*n**2 - n. Let a(o) = 3*o**2 - 4*o + 2. Let b be a(2). Suppose 4*s + b*s = 0. Calculate f(s).
4
Let t be 3 - 6/(-9)*-3. Let w(q) = 5*q**2 - 5*q - 5. Let f(m) = -6*m**2 + 6*m + 6. Let u(k) = 6*f(k) + 7*w(k). Give u(t).
1
Let v be (1/3*4)/((-16)/(-24)). Let a(b) = -b**3 + 5*b**2 - 2*b + 3. Give a(v).
11
Let a(h) = -3*h**3 - 2*h + 1. Suppose -3*z = -4*s - 6*z + 13, 5*s + 5*z - 20 = 0. Determine a(s).
-4
Let a(u) = -40*u + 2 + 9*u + 18*u + 15*u. Suppose 3*w = -w + 20. Suppose 0*g + w = g. What is a(g)?
12
Let w(o) = 5 + 1 - 5*o + 6*o + 7 - 2. Give w(-8).
3
Let l(q) be the first derivative of 3*q**2 + 3*q - 1/3*q**3 + 1. Let f be ((-12)/14)/((-34)/238). Calculate l(f).
3
Let t(f) = 12*f**3 - f**2 - f - 1. Let w be 6/15*5*2/(-4). What is t(w)?
-13
Let z(o) = -2*o - 4. Let a = -109 - -154. Suppose -19*n - a = -10*n. What is z(n)?
6
Let c(y) = y**2 + 9 + 4*y**2 + 7*y - 6 - y**3. Let s = 679 + -673. Calculate c(s).
9
Let z = 0 - 6. Let m(c) = c**3 + 13*c**2 - 12*c - 4. Let a(t) = t**3 + 11*t**2 - 11*t - 5. Let p(f) = 4*a(f) - 3*m(f). What is p(z)?
4
Let m(k) = -9*k + 0*k + 0*k - k + 4 + 9*k. What is m(15)?
-11
Let h(z) = 15*z**2 - 2*z + 1. Let n be 4*(-6)/(-8) + 2 + 0. Suppose -g + 6 = n. Determine h(g).
14
Let y(i) be the second derivative of i**5/20 + i**4/3 - 2*i**3/3 + 7*i**2/2 + i - 10. What is y(-5)?
2
Let o(h) be the third derivative of -h**5/60 + h**4/24 + 7*h**3/6 - 6*h**2 - 2*h. What is o(0)?
7
Let h(t) = t**3 - t**2 + t - 2. Let s be -20*(-1)/(-12)*-3. Suppose -r + s*r = 0. Determine h(r).
-2
Suppose -6*f - 44 = -50. Let h(w) be the first derivative of w**3/3 - w**2 + w - 2. Give h(f).
0
Let m(a) = -a**2 - 7*a - 1. Let w = 931 - 935. Determine m(w).
11
Let n(s) = -2*s**2 - 2*s + 2. Suppose -15*j + 11*j = 260. Let h = j - -67. Give n(h).
-10
Let q = -12 + 28. Let p(x) = -x**2 + 16*x + 3. Let g be p(q). Let s be (7 - 8)*(-2 + g). Let z(l) = 16*l. Calculate z(s).
-16
Let o(a) = -a**3 - 2*a**2 - a - 2. Let c be o(-1). Let v(w) = -3*w**2 - w. Determine v(c).
-10
Let v(r) = -3*r**3 - 4*r**2 - 3*r - 1. Let p be ((-96)/(-15) - 4/10) + -1. Suppose 0 = 5*i + 4*g + 22, -4*i - p*g = -7*i + 9. Determine v(i).
13
Suppose 6*l + 28 = 5*l. Let w = l + 28. Let i(q) be the third derivative of q**5/60 - 17*q**3/6 - 11*q**2. Determine i(w).
-17
Let b(l) = 2 + 7*l**2 + l**3 - 2 + 0*l**2. Let s(x) = -x + 0*x - 8*x**2 - 21*x**3 + 20*x**3 + 1. Let d(a) = -4*b(a) - 3*s(a). Calculate d(-5).
7
Suppose -g + 4 = -2*g. Let t(v) be the first 